. Suppose 581 + 59 = m*g. What are the prime factors of g?
2, 5
Suppose -198*m = -228*m + 167220. List the prime factors of m.
2, 3, 929
What are the prime factors of 0 + -6 + 646 + (-16)/8?
2, 11, 29
Let l = 84438 + -28826. List the prime factors of l.
2, 13903
Suppose 189*t - 202*t + 115960 = 0. What are the prime factors of t?
2, 5, 223
List the prime factors of 48622/8 - (-13)/((-416)/24).
59, 103
Let s = 7701 + 36364. List the prime factors of s.
5, 7, 1259
Let c = 5141 + -1460. List the prime factors of c.
3, 409
Suppose 0 = 4*l - 3*x + 4, -3*l + 5*x + 4 + 4 = 0. Let g be (l/1 - -1)*196/(-6). Suppose -g + 19 = -m. What are the prime factors of m?
79
Suppose 2*m + 3*f = 1063, 5*m = -4*f - 126 + 2787. Suppose 6*k - 1697 = -m. What are the prime factors of k/1 - (-24)/6?
2, 3, 11
Let o be (12/(-1))/((-24)/16). Suppose -3*n = o*n - 21142. List the prime factors of n.
2, 31
Suppose -2256 = -4*l - 3*j, 20*l = 21*l - 4*j - 545. Let g = 840 - l. What are the prime factors of g?
3, 31
Suppose -3*q - 3*s = -87 - 153, -2*q - 3*s + 162 = 0. Let n = q + 348. What are the prime factors of n?
2, 3, 71
Let g = -151 + 344. Suppose 3*k - 89 - g = 0. List the prime factors of k.
2, 47
Let h be ((-2)/(-8))/((-14)/(-168)). What are the prime factors of (-9 + h)/(6/(-2)) + 651?
653
Let l be (-6)/(-81) + (-4775)/675. List the prime factors of (523 - 4) + l + 1.
3, 19
Let b(o) = -o - 1. Let g(x) = -2*x - 22. Let t(z) = -5*b(z) + g(z). Let a be t(10). Suppose -a*v = -4*v - 387. What are the prime factors of v?
43
Let l(q) = 1584*q - 242. What are the prime factors of l(7)?
2, 11, 17, 29
Let j(p) = p**3 + 5*p**2 + 8*p + 3. Let g be j(-3). Let z be g/(-6)*-4 - 1. List the prime factors of 106 - z - -3*2/3.
3, 37
Let n be (8 + -4 - 1) + (-575 - -3). Let f = n - -984. What are the prime factors of f?
5, 83
Suppose -5759 = -h - 2*x, -7*x - 12 = -9*x. What are the prime factors of h?
7, 821
Suppose 0 = -5*g - y + 176, g + 5*y - 2*y - 24 = 0. List the prime factors of 3/(-2)*-4*4308/g.
2, 359
Let b be (-5)/15*(-1196 - -2). Let h = -266 + b. Let p = h - 49. What are the prime factors of p?
83
Suppose -k - 2*k + z = -161, 2*k + 2*z = 118. Let a = 52 - k. What are the prime factors of a/4 - (6 - 251/4)?
2, 7
Suppose -425*j = -427*j - 4*h + 177394, -j + 88669 = -5*h. What are the prime factors of j?
3, 17, 37, 47
Let s(p) = 5*p - 28. Let g be s(8). Let x be (-2)/g - ((-15)/5)/18. Suppose 6*m - m - 990 = x. List the prime factors of m.
2, 3, 11
Suppose 0 = s + 9*s - 1040. Let y = s - -90. List the prime factors of y - ((-3)/2)/((-27)/(-72)).
2, 3, 11
Suppose -505 - 503 = -4*j. Let q = 152 + j. What are the prime factors of q?
2, 101
Let i = 60110 - 13505. What are the prime factors of i?
3, 5, 13, 239
Suppose 8*p = -402 - 670. What are the prime factors of (p/8)/((-21)/168)?
2, 67
Suppose -28*s - 62*s = 79*s - 1522183. What are the prime factors of s?
9007
Let s = -49 - -20. Let f = s - -17. List the prime factors of (-4)/16 - 1383/f.
5, 23
What are the prime factors of ((-996)/581)/(-1 - (-27)/21) - -35392?
2, 13, 1361
Let q be (-1)/(1 + 30/(-25)). Suppose q*j = 2*j + 21. Suppose 0 = -j*r + 28 - 7. What are the prime factors of r?
3
Suppose -t + 5974 = -j, -21*t - 2*j = -19*t - 11964. What are the prime factors of t?
2, 7, 61
Let q be 4/(-14) + 16/7. Suppose q*f = 12*f + 10. What are the prime factors of (2 - 3)*f - -96?
97
Let c = -45 - -70. Suppose 8*y - 3*y + c = 0. Let w = y + 32. What are the prime factors of w?
3
Suppose 5*h = 2*m + 3169, h - 282 = 4*m + 359. What are the prime factors of h?
3, 211
Let w(n) = n**2 - 2*n - 4. Suppose -a + 10 = 4*v - 9, -2*a + 18 = 3*v. Let i be w(v). Suppose 92 = i*t - 3*t. What are the prime factors of t?
2, 23
Let q be ((-16)/(-12))/((-4)/(-3))*-21. List the prime factors of (q - -5)/(-2 - (-27)/14).
2, 7
Let t = 413 + -950. What are the prime factors of (2 + t)*(-5 + 88/40)?
2, 7, 107
Let u = 663 - -274. Let m = u + -510. List the prime factors of m.
7, 61
Let q be (-1)/(-2)*-3 + 19/2. Suppose -3 - 21 = -q*f. Suppose -513 = -4*g - f*d - 4, -5*d + 368 = 3*g. What are the prime factors of g?
131
Let z be 18/(5 - (-78)/(-12)). Let h(g) = -89*g - 282. List the prime factors of h(z).
2, 3, 131
Let s = 8669 + -5696. What are the prime factors of s?
3, 991
Let i = -10 + 17. Let t = -413 - -905. Suppose 4*l - 5*x = t, 2*l + 2*x + 598 = i*l. What are the prime factors of l?
2, 59
Let w(m) = -2*m**3 + 53*m**2 - 4*m - 19. What are the prime factors of w(-8)?
43, 103
Let h = -1019 + 1018. Let a(y) = 1586*y**2 + 14*y + 15. List the prime factors of a(h).
3, 23
Let r = -4145 - -1460. Let v = -1510 - r. List the prime factors of v.
5, 47
Let i(o) = o**2 - 7*o + 4. Let y be i(7). Let v(q) = 12*q + 33. Let g be v(-3). What are the prime factors of (135/(-4))/(g - (-11)/y)?
3, 5
Suppose 891835 = 78*f - 17*f + 130860. List the prime factors of f.
5, 499
Suppose 0 = 26*d + 64*d - 666900. List the prime factors of d.
2, 3, 5, 13, 19
Let t be 16/(-104) + (-1 - (-17312)/(-26)). List the prime factors of (-484288)/t - (-6)/(-87).
2, 3, 11
Let v(t) = 182*t**2 - 74*t + 773. What are the prime factors of v(10)?
18233
Let m be (-145 - 0) + (14 - 13). What are the prime factors of ((-212)/(-6))/((-32)/m)?
3, 53
Suppose -305*q = -52529 - 201536. What are the prime factors of q?
7, 17
Let k(v) = -3*v + 27. Let x(m) = -m**3 + 9*m**2 + 25*m - 27. Let h be x(11). Let o be k(h). Suppose o*u = 13*u - 420. What are the prime factors of u?
3, 5, 7
Let r(n) = 412*n**2 + 123*n + 936. List the prime factors of r(-7).
23, 881
Suppose 16*d - 2114 = 9*d. List the prime factors of d + (2 - -1 - (1 - 1)).
5, 61
Let a(o) = -o**2 + 10*o - 1. Let k be a(4). Suppose -k*r + 1570 + 5859 = 0. List the prime factors of r.
17, 19
Let d = -5202 + 10659. List the prime factors of d.
3, 17, 107
Let p(g) = -4*g + 72. Let d be 18*(-4)/(-16)*2*1. Suppose 3*s + 9 - d = 0. What are the prime factors of p(s)?
2, 3
Let d(x) = -x**3 + 4*x**2 + 7*x - 6. Let g be d(4). Let k be 1 - (-2)/(-1) - g. Let t = 36 + k. What are the prime factors of t?
13
List the prime factors of (20*(-120)/(-32) - 5)*217.
2, 5, 7, 31
Suppose 0 = 3332*a - 3305*a - 1397709. List the prime factors of a.
51767
Let z(i) = -2*i - 4. Let p be z(-11). Suppose 4*b - p = -2*n + 72, -110 = -4*b + 2*n. Let u = b - 6. List the prime factors of u.
19
Let r(k) = k**3 + 88*k**2 - 96*k - 22. List the prime factors of r(-87).
13, 1223
Let z(v) = 12*v**3 - 13*v**2 - 7*v + 11. What are the prime factors of z(8)?
23, 229
Suppose -81*u + 41*u + 339800 = 0. What are the prime factors of u?
5, 1699
Let s be (0 - 6/(-4))/((-1)/(-4)). Let t be 1178 + (3/(-2))/(3/s). List the prime factors of ((-8)/(-10))/(10/t).
2, 47
Let a(p) = 660*p**2 + 28*p - 29. List the prime factors of a(-4).
3, 23, 151
Suppose -44*g + 1127610 = -3*g + 44*g. List the prime factors of g.
2, 3, 11, 67
Let a = 47 + -45. Suppose 4*x = 12, 7*x = -5*v + a*x + 25. Suppose -v*y = -173 - 133. List the prime factors of y.
3, 17
Suppose 7*j - 457 = 6*j. Let x = j - 172. What are the prime factors of x?
3, 5, 19
Suppose 18298 = -32332*n + 32334*n. What are the prime factors of n?
7, 1307
Suppose -2*c + 5*k - 2*k = -15223, -4*c = -5*k - 30443. What are the prime factors of c?
7607
Let a(z) = -3 - 2 + 3 + 0 - 95*z - 3. Let q(y) = y + 7. Let g be q(-9). List the prime factors of a(g).
5, 37
Suppose -n - 9 = -4*n. Let w = 504 + -441. Let o = w + n. What are the prime factors of o?
2, 3, 11
Suppose -2*w + 4 = 4*b, -4*w = w - 3*b - 23. Let q be (w/(-3))/(((-50)/15)/5). Suppose -1 = -5*c + 4, 0 = q*x + 2*c - 248. List the prime factors of x.
3, 41
Let c = -232 + 232. Suppose c*u + 300 = 4*u. List the prime factors of u.
3, 5
Suppose 665 - 3295 = -4*q - 3*l, 1316 = 2*q + 2*l. Suppose i - 464 = -2*c + q, 10 = -5*c. What are the prime factors of i?
2, 281
Suppose 30*h - 1134236 = -448396 + 552950. What are the prime factors of h?
7, 17, 347
List the prime factors of (2/20)/((-1)/(-49656)) + (-2)/(-5).
2, 13, 191
List the prime factors of (11506/44 - -2)*2/1.
17, 31
Let d(u) = -289*u + 1935. What are the prime factors of d(-56)?
18119
Let n = -1906 + 40732. What are the prime factors of n?
2, 3, 719
Let q be 56/12 - (4/6 + 0). Suppose h = 2*j - 17, -q*j - 2*h + 90 = 36. Suppose -j*f = -8*f 